 0. Let l = o - m. What is the units digit of l?
1
What is the hundreds digit of ((-11704)/24 + 19)/(6/(-261))?
3
Let o(z) = 4*z**2 + 12*z + 5. Let f be o(-3). Let m(b) be the third derivative of b**5/10 + b**4/12 - 14*b**3/3 - b**2. What is the hundreds digit of m(f)?
1
Let s = 0 + 5. Suppose 0*o - 3*g - 1035 = -s*o, 0 = -2*g. What is the hundreds digit of o?
2
Suppose 2*z = 4*a + z + 6, 0 = 4*z - 8. What is the units digit of (348 - -23) + 5/a?
6
Suppose 4*d = 5*n - 115 - 180, -n - d = -50. Let a = -95 + 102. Suppose -2*f + n = -a. What is the tens digit of f?
3
Suppose 44*n = -45*n + 93895. What is the thousands digit of n?
1
What is the tens digit of (-1 + (-36654)/4)*(-41 + 23 + 16)?
2
Let k be 0/(0 - -4) + -3 + 3. Suppose -17*l + 18*l - 194 = k. What is the units digit of l?
4
Let n = -46047 + 56629. What is the hundreds digit of n?
5
Let m(b) = 7*b**2 - 172*b + 2. Let x be m(17). Let k = x + 2077. What is the tens digit of k?
7
What is the hundreds digit of -12*(-14)/(-840) + ((-500208)/(-15) - 1)?
3
Suppose -4*k = -4*p + 844, -3*p = -4*k + 3*k - 627. Suppose -2*s - j - p = 0, -4*s = -6*j + 2*j + 404. Let l = s + 271. What is the tens digit of l?
6
Suppose -3*v + 75 + 9 = 0. What is the units digit of v - -376 - (-4)/1?
8
What is the thousands digit of 400/550 + (-2432860)/(-44)?
5
Suppose 855 = -5*l + 14*l. Let b = l - 74. What is the units digit of b - 20 - 3*-53?
0
What is the thousands digit of 8/(8*(-12)/(-95088))?
7
Let l(m) = -m**3 + 145*m**2 - 277*m - 929. What is the tens digit of l(139)?
9
Suppose 34*u = 38*u - 80. Suppose -u + 30 = 5*y. Suppose -y*c + c = -13. What is the tens digit of c?
1
What is the ten thousands digit of (-10)/4*(-752)/(-235) - -17809?
1
Suppose -92 = -6*w - 26. What is the tens digit of (538 - 0)/(11/w)?
3
Let w(b) = 14*b + 23. Let f be w(-6). Let z = -61 - f. Suppose 12*m - 6 - 6 = z. What is the units digit of m?
1
Let s = -10348 + 25430. What is the hundreds digit of s?
0
Suppose 7*f - 31020 = 7305. Suppose -f = -57*y + 52*y. What is the tens digit of y?
9
Let i(z) be the third derivative of -z**5/60 + z**4/6 + 21*z**2. Let p be i(2). Suppose -248 = -p*f + 3*d, 2*f + 4*d = 184 - 60. What is the tens digit of f?
6
Let b(y) = 3*y**2 - 133*y + 46. Let s be b(44). Suppose s*c - 1200 = 418. What is the hundreds digit of c?
8
Suppose -10*f + 1259 + 1881 = 0. Let h = f + -474. Let v = h - -319. What is the units digit of v?
9
Suppose -60*t = -i - 62*t + 29803, 0 = t - 2. What is the hundreds digit of i?
7
Suppose 2*t - 16*t = -3290. Suppose -8*m - 256 = -12*m. Let g = t - m. What is the hundreds digit of g?
1
Let f(n) = 13*n - 28. Let z be f(-6). Let c = z + 241. Suppose -2*o + 2*k = -92, -3*o + 4*k + c = -0*o. What is the tens digit of o?
4
Suppose 10 = -2*z, -20 = j - z + 36. Let g be 8/((-40)/(-75))*j/(-3). Suppose g + 67 = 4*v. What is the units digit of v?
3
Suppose 3312*d - 20 = 3307*d. What is the hundreds digit of (-380)/(-304) + 4211/d?
0
Let y(w) = -27*w**3 - w**2. Let h be y(-1). What is the hundreds digit of (-17 - -85)/(4/h)?
4
Suppose 5 = 2*w + 5*l, -l - 5 - 16 = -4*w. Let o = w - -62. Let v = o + 18. What is the tens digit of v?
8
Suppose 13*v = 5*h + 14*v - 23771, -2*v = 4*h - 19012. What is the thousands digit of h?
4
What is the hundreds digit of (-239 - -262)*493*1?
3
Suppose -2*f + 5*h = -26, 3*h + 4 = -2. Suppose -9*g + 129 = -f*g - 3*q, -2*q = 0. What is the tens digit of g?
2
What is the units digit of (-2712)/(-12)*246/4?
9
Let u = 63 + -59. What is the units digit of (-1)/u*10352/(-4)?
7
Suppose -167 = -7*s + 302. Let v = 94 - s. What is the tens digit of v?
2
What is the thousands digit of 21667 + -290 + -3*6?
1
Let q(v) = 159*v**2 - 64*v - 268. What is the units digit of q(-5)?
7
Let a(c) = -4*c**3 + 238*c**2 - 43*c + 18. What is the thousands digit of a(59)?
4
Suppose -2*b - 7*i + 4*i = -2451, -3*b + 3675 = 5*i. Suppose -b = -v - 419. What is the hundreds digit of v?
8
Suppose 68*l - 1170764 = -152*l + 1117236. What is the ten thousands digit of l?
1
Let a(x) be the third derivative of -x**7/315 + 17*x**6/720 - x**5/12 - 17*x**2. Let p(y) be the third derivative of a(y). What is the hundreds digit of p(-13)?
2
Let q be (-118639)/58*(1 - 3). Suppose -9*w + q - 176 = 0. What is the hundreds digit of w?
4
Suppose -6*t + 9 = -3*t. Suppose -t*p = p - 24. Suppose -p*g + 286 = 82. What is the tens digit of g?
3
Suppose -2*t + 1836 = 3*q, -4*q + 2661 = -3*t + 196. Suppose 3*x - 6*g - 908 = -4*g, -3*g + q = 2*x. What is the tens digit of x?
0
Suppose -67 - 241 = -2*q - s, -3*s = 0. Let g(c) = 62*c**2 + c + 2. Let x be g(2). Let z = x - q. What is the tens digit of z?
9
Let c(b) = b**3 - 41*b**2 + 181*b + 347. What is the units digit of c(54)?
9
Let b(j) = j - 3. Let a be b(5). Suppose 0 = -x + a*x + x. Suppose -5*u = -x*k - 2*k + 209, 105 = k - 2*u. What is the hundreds digit of k?
1
Suppose 0 = -4*w - 2*g + 20, 2*w + 2*g - 6*g = 0. Suppose 0 = -3*l + b + 28 - w, -b + 3 = 0. What is the units digit of ((-2)/4)/(-2 + l/6)?
1
Let p = 47907 + -19969. What is the units digit of p?
8
Let d be -137*((-5 - -2) + 2). Let v = 77 + -137. Let y = d + v. What is the units digit of y?
7
Let y = 118 - -3068. Suppose 12 + 29 = -3*v - 5*p, 0 = -v - p - 13. What is the tens digit of 4/v*y/(-6)?
7
Let i = -249 + 296. Suppose i*m - 67553 = -9790. What is the thousands digit of m?
1
Suppose -9*s = -474 - 4206. Let h = s + -203. What is the units digit of h?
7
Suppose -2*w = -y - 5, 2*w - 5*y = 36 - 19. What is the units digit of 11/22 - ((-6572)/8 + w)?
1
Let k = -2472 + 5039. What is the tens digit of k?
6
Suppose -4*a + 3*h + 80699 = -6440, a - 21801 = 4*h. Suppose 32*d - a = 9*d. What is the tens digit of d?
4
Let h be (0 - 3)*1224/(-108). Suppose 5*i - 5*s = 20, 2*i - 7 = i + 4*s. Suppose n = -4*u + 114, -u = -2*u - i*n + h. What is the units digit of u?
8
Let b = 87 - 49. Suppose -42*l = -b*l - 1920. What is the tens digit of l?
8
Let t(b) = 2*b + 11. Let h be t(5). Suppose -p - 5*u + h = 0, 6*p - 3*p + 5 = 2*u. Let q(y) = 78*y**3 + 2*y. What is the tens digit of q(p)?
8
Let c be 12616/6 - 3/((-63)/(-35)). Suppose -3*v - 429 = -m, 5*m - 13*v = -9*v + c. What is the units digit of m?
7
What is the tens digit of (-6 - (-3 + 0 - 627))*10?
4
Let i = 9691 + -5329. What is the tens digit of i?
6
Suppose 0 = 17*q - 25*q - 16. Let b(n) = -24*n**3 + 4*n**2 + 4*n + 5. What is the units digit of b(q)?
5
Let b = 14 + -71. Let d = -52 - b. Suppose 2*z - 291 = -5*c, 4*z = -d*c + 6*z + 299. What is the tens digit of c?
5
Suppose -2*l = 2*c - 18, 3*l = -c + 2*c + 11. Suppose 0 = 5*h + 3*k + k - 1164, -3*k = l*h - 1163. Suppose 0 = 10*s - 1072 + h. What is the tens digit of s?
8
Suppose 12580 = 12*z - 22052. Suppose -z = -8*r - 1214. What is the hundreds digit of r?
2
Suppose 47661 + 10069 = 5*u. What is the tens digit of u?
4
Let j be (-16872)/19 - (-1 + 2 - 0). Let v = -360 - j. What is the hundreds digit of v?
5
Suppose -3*v - 26 = -6*v - 2*c, 2*v - 22 = c. What is the hundreds digit of 3644/v + 8/((-160)/(-12))?
3
What is the hundreds digit of (-100)/2150 - (-1516360)/172?
8
Let l be ((-6)/(-4))/(205/82)*10. What is the units digit of (16 - l)*(-102)/(-12)?
5
Suppose -238 = 2*c + 3*z, 2*z + 572 = -5*c + 6*z. What is the tens digit of c/(-6)*(-1248)/(-52)?
6
Let g be -18 - ((-23)/7 + (-10)/(-35)). Let p = g + 40. Suppose 17*y - p*y = -560. What is the units digit of y?
0
Let c(t) = 14*t + 936. What is the tens digit of c(-50)?
3
Let y(i) = -i**3 - 4*i**2 + 4*i - 329. What is the hundreds digit of y(-19)?
0
Let j(n) = 22*n**2 + 11*n + 39. What is the units digit of j(-16)?
5
Suppose 4*i + 3*x = -3, -9*i = -14*i + 4*x + 4. Suppose -5*p - 6 = -3*f, i = -5*f - 0*p - p - 18. What is the units digit of ((-1)/f)/(2/894)?
9
Let v be (-9)/(-6)*-761*(10 - 8). Let r = -1374 - v. What is the hundreds digit of r?
9
Let j(p) = p**2 - 6*p + 3. Let w be 3 + 2/(-6) + (-20)/(-6). Let g be j(w). What is the units digit of -2*(4 - g)/(8/(-412))?
3
Let g be 1874 + (-7 - 12/(-3)). Suppose 9 + g = 10*c. What is the tens digit of c?
8
Suppose w - 4*m - 13097 = 0, 8*w = 5*w - m + 39317. What is the thousands digit of w?
3
Let h(t) = t**3 - 9*t**2 + 8*t - 16. Let i be h(9). Let y be (48/i)/(2/7). Suppose 3*o + 69 - 488 = 4*m, -5*m = -y*o 